by 94 + -8*(38/(-16) - -2).
1
Suppose 5*a - 146 = -51. Calculate the remainder when a is divided by 10.
9
Suppose 5*j = -5*z + 2975, 18*z + 1188 = 2*j + 19*z. What is the remainder when j is divided by 17?
15
Let l = 30 + -27. Suppose 21 = -l*i + 6*i. Calculate the remainder when 10 is divided by i.
3
Let y(i) = -2*i + 178. What is the remainder when y(11) is divided by 40?
36
Let q(m) = -m**2 + 1. Let r be q(0). Calculate the remainder when 30 is divided by -12*(r + 2/(-1)).
6
Let z(o) = -11*o + 11. Let v be z(-2). Suppose -y = -2*p - v, 4*y + 0*p = -p + 150. What is the remainder when 108 is divided by y?
34
Suppose 359*s = 351*s + 288. Calculate the remainder when 66 is divided by s.
30
Suppose -5*s + 588 - 59 = 2*t, 0 = 2*s + 5*t - 220. What is the remainder when s is divided by 10?
5
Suppose -5 = -2*c + c, -2*c = -o - 6. Suppose 4*p = 3*q - o*q + 25, 8 = 4*p. What is the remainder when q is divided by 3/5 + (-27)/(-5)?
5
Let f be 2*-1 - (-3)/(-3). Let d(q) be the second derivative of -q**5/10 - q**4/3 + q**3/3 + 4*q**2 - 7*q. Calculate the remainder when 35 is divided by d(f).
15
Let r = -339 - -350. Calculate the remainder when 21 is divided by r.
10
Suppose l + l - 306 = 0. What is the remainder when 1*l*(-18)/(-54) is divided by 26?
25
Let c(f) = 1144*f**2 + 42*f - 43. What is the remainder when c(1) is divided by 22?
21
Let r = 7 - 5. Suppose -4*l - 2 = r. Let m(d) = -15*d - 1. What is the remainder when 26 is divided by m(l)?
12
Let d(y) = -6*y - 101 + 96 + y. What is the remainder when d(-7) is divided by 18?
12
Suppose 28 = 3*v - 116. Let m = 36 + v. What is the remainder when m is divided by 17?
16
Suppose 6*q + 0*q = 918. Suppose 0 = -0*z - 5*z, -3*f + q = 4*z. What is the remainder when f is divided by 18?
15
Let b = -283 - -362. Calculate the remainder when b is divided by 45.
34
Suppose 0 = 3*p - 4*n - 18, -7 = -3*p + p + n. Let r(g) = g**p + 6*g - 11 - 13 + 21. What is the remainder when 37 is divided by r(-8)?
11
Suppose -14*g + 686 = -0*g. What is the remainder when g is divided by 17?
15
Let n = 139 + 37. Let y = n + -122. Suppose -4*k = -5*h - 137, -76 = -0*k - 2*k + 4*h. Calculate the remainder when y is divided by k.
26
Suppose 4*c = 9*c. Suppose -2*o = 2*p - c*o, 4*o = 5*p - 18. Suppose -9 = p*l - 3*l. Calculate the remainder when 35 is divided by l.
8
Let z = 1277 + -1264. What is the remainder when 193 is divided by z?
11
Let v(n) = n + 8. Let i be v(-5). Suppose 2*r = -g + r + 5, -i*r = 15. Suppose 54 = 4*h - 94. What is the remainder when h is divided by g?
7
Suppose -8*p = -7*p - 3745. Suppose 4*v - 3*r - 2961 = 0, -3*r + p = 5*v + 2*r. Calculate the remainder when ((-4)/3)/((-16)/v) is divided by 16.
14
Let f(z) = -z**3 - 27*z**2 - z - 7. Calculate the remainder when 377 is divided by f(-27).
17
Let s = -2368 - -2400. What is the remainder when 265 is divided by s?
9
Let s(u) = u**2 - 1. Let t(m) = 3*m**2 + m**2 + 3*m**2 + 3*m - 9 - m**2. Let p(l) = -5*s(l) + t(l). What is the remainder when 16 is divided by p(-5)?
4
Suppose 0 = -2*a - 2*i + 44, 15*i - 14*i - 88 = -4*a. Suppose w - 38 = 4*u - 14, 0 = 5*w + 4*u. What is the remainder when a is divided by w?
2
Let y = 368 - 332. Let k = 0 - -103. What is the remainder when k is divided by y?
31
What is the remainder when 8*-1*364/(-16) - -4 is divided by 27?
24
Let d(h) = -34*h - 16. Let z be d(3). Let t = -66 - z. Calculate the remainder when t is divided by 20.
12
Let x(w) = -w**3 + 3*w**2 - 2*w + 2. Let d be x(2). Suppose -5*c = -d*c - 27. What is the remainder when 15 is divided by c?
6
Let x(p) = -p**3 + 7*p**2 + p - 10. Let m(f) = -8*f + 1. What is the remainder when x(6) is divided by m(-2)?
15
Suppose -r - r - o = -9, r - 10 = 5*o. Suppose r*m - 2 = -52. Calculate the remainder when 17 is divided by (-2)/(-8)*0 - m.
7
Let q(w) = 16*w + 46. Let j be q(-10). Let t = -98 - j. Calculate the remainder when 109 is divided by t.
13
Let g be (0/(-4) - -2) + 6. Suppose v + 37 = 5*k, -6*k + g = -4*k + 3*v. Let u(p) = 6*p - 8. Calculate the remainder when u(k) is divided by 9.
7
Calculate the remainder when 8/(-4)*(255/(-6) - 4) is divided by 19.
17
Calculate the remainder when 124 is divided by (21 + -2)/(-3 - -4) - -2.
19
Let s(r) = 4*r**2 - 26*r - 16. What is the remainder when 126 is divided by s(8)?
30
Let k(q) = 3*q**2 + 40*q - 18. Let b(r) = -r**2 - 13*r + 6. Let w(c) = 7*b(c) + 2*k(c). Let g(i) = 17*i. What is the remainder when w(-8) is divided by g(1)?
13
Suppose 3*l = -15, 0 = n - 6*n + 5*l + 2425. What is the remainder when n is divided by 27?
21
Suppose 0 = 3*d - g + 89 - 380, -d + g + 99 = 0. Suppose 0 = -5*t, -y + 5*y + 2*t - d = 0. Calculate the remainder when 45 is divided by y.
21
Let o be 8 + (1 - (-1 - -4)). Let s = o - -53. Let w(q) = -3*q + 7. What is the remainder when s is divided by w(-8)?
28
Let g = -120 + 33. Let v = g + 90. What is the remainder when 4 is divided by v?
1
Suppose -3*z = 2*a - 1281, -5*a + 2551 = -a - 5*z. Calculate the remainder when a is divided by 10.
9
Suppose -176 = -25*v + 1799. What is the remainder when v is divided by 33?
13
Suppose 10*b = 16*b - 1920. What is the remainder when b is divided by 46?
44
Let t = -61 - -268. What is the remainder when t is divided by 15?
12
Suppose -603 - 603 = -9*b. Calculate the remainder when b is divided by 6.
2
Let n = 9 + 14. Let j = -20 + n. Suppose -j*q + 0*q = -66. Calculate the remainder when q is divided by 8.
6
Let x(d) = d**3 + 7*d**2 + 8*d + 1. Let l be x(-6). Let m = l - -13. What is the remainder when (0 + m + -3)*-79 is divided by 20?
19
Let r(z) = z + 8. Let i be r(-4). Suppose -t = -2*q + 32, q - 4*q = -i*t - 43. Let l(k) = -3*k - 9. What is the remainder when q is divided by l(-5)?
5
Calculate the remainder when 354 is divided by (-68)/6*(-129)/86.
14
Let w(b) = -7*b - 6. Let u be w(-6). Suppose d - 5*d + u = 0. Let j = 237 - 220. Calculate the remainder when j is divided by d.
8
Let n = -6 + 84. Let u(i) = 4*i**2 + 4. Calculate the remainder when n is divided by u(3).
38
Let n(o) be the second derivative of o**3/3 + 27*o**2/2 + o. What is the remainder when n(16) is divided by 30?
29
Let j(z) = 2*z - 24. Let r be j(11). Calculate the remainder when 30 is divided by (-1 + (-6)/6)*19/r.
11
Let a(s) = -17*s + 103. What is the remainder when 52 is divided by a(5)?
16
Let m(z) = z**2 - 2*z - 3. Let w be m(5). Suppose -4*g - 2*d - 2 = w, 12 = -4*d. Calculate the remainder when 24 is divided by -1*(-10 - (-3 - g)).
6
Let x(v) = v**3 + 5*v**2 - 10*v - 7. Let c(u) = 7*u + 27. Calculate the remainder when c(8) is divided by x(-6).
15
Suppose 3*v - 5 = 4. Let l be (4 - (v + 0))*71. Let h = -19 + l. Calculate the remainder when h is divided by 18.
16
Let b(w) = 42*w**3 + w**2 - 2*w. Let f = 0 - -1. Calculate the remainder when b(f) is divided by 14.
13
Suppose 104 = 4*w + 4*h, -h + 6 = 3*w - 80. What is the remainder when 157 is divided by w?
7
What is the remainder when 28 is divided by 99/6 + (8 - (-30)/(-4))?
11
Let s = -1589 + 1675. Calculate the remainder when 508 is divided by s.
78
Suppose 31*q - 2354 = 312. What is the remainder when q is divided by 22?
20
Let i be (1 - 4 - -2) + 4 + 2. Suppose 0*v + 2*v = 4, -i*n = -4*v - 67. What is the remainder when 59 is divided by n?
14
Suppose -4*b = 2*s - 228, 9*b = -3*s + 7*b + 330. What is the remainder when 430 is divided by s?
106
Suppose 2*i - 5*n + 1 - 6 = 0, -5*i = -n - 70. Suppose -7*m + 309 = i. Calculate the remainder when m is divided by 15.
12
Let c be (93/(-6))/(4/(-8)). Let b = c - 27. Suppose k - 4*k - 3*u + 63 = 0, k = -b*u + 33. Calculate the remainder when k is divided by 7.
3
Let f = 2509 - 2500. Suppose -2*p + 22 = -p. What is the remainder when p is divided by f?
4
Let v = -67 - -39. Calculate the remainder when 8 is divided by (0 + -2)*42/v.
2
Suppose 0 = s - a - 96, -3 = a - 0. Calculate the remainder when s is divided by 32.
29
Let r = 86 + -50. Calculate the remainder when 137 is divided by r.
29
Suppose -3*k - 40 = -5*b + 55, -5*k - 19 = -2*b. Let a be (-32)/6*6/(-4). Suppose 13*h - a = 12*h. Calculate the remainder when b is divided by h.
6
Let f(s) = s - 12. What is the remainder when 138 is divided by f(19)?
5
Let x(p) = -p**3 - 8*p**2 - 9*p. Suppose 0 = 3*c - 12, -75 = -2*h + 3*c - 77. What is t